 divided by 13.
11
Calculate the remainder when 57 is divided by ((-90)/(-12))/((-3)/(-6)).
12
Suppose 0*t = -t + 5. Suppose -141 = t*h - 8*h. Calculate the remainder when h is divided by 16.
15
What is the remainder when 18 is divided by (21/24)/((-4)/(-32))?
4
Calculate the remainder when 18 + 32 + 5*-1 is divided by 11.
1
Let l(s) be the first derivative of 3 - s**2 - 2*s + 2/3*s**3. What is the remainder when l(3) is divided by 4?
2
Suppose m = 3*m - 6, -5*m = -5*f. Suppose f*h - 12 = 0, 3*o + 4*h - 47 = -13. Calculate the remainder when 11 is divided by o.
5
Let q = -14 + 5. Let j be 54/q*(1 + -2). Suppose 3*u + 4*z - 36 = 0, z = u + j*z - 12. What is the remainder when 35 is divided by u?
11
Let t be 413/2 + (-12)/8. Suppose -5*d + t = 2*j, -d - 5*j = -5*d + 164. What is the remainder when d is divided by 14?
13
Let y(n) be the first derivative of 7*n**2 + 12*n + 5. What is the remainder when y(5) is divided by 17?
14
Suppose -3*q + 37 = 2*q - 2*p, 0 = 5*q + p - 34. What is the remainder when 132 is divided by q?
6
Calculate the remainder when 89 is divided by -1*1/(-5) + (-119)/(-5).
17
Suppose 0 = 3*r + y - 10, 2*r + 4*y = 5*r + 10. Calculate the remainder when 5 is divided by r.
1
Suppose 3*o = 2*x + 13, 0 = 4*o + 3*x - 0*x - 23. Suppose 20 = j - 2*n - 2*n, j - o*n = 23. Calculate the remainder when 21 is divided by j.
5
Suppose -g + 5*x + 45 = 0, 0 = -2*g + 7*g + 3*x - 141. Let u = 44 + g. What is the remainder when u is divided by 19?
17
Let a be 6*-4*(-2)/12. Suppose -74 = -a*p + 2*h, h - 71 = -p - 3*p. Calculate the remainder when p is divided by 5.
3
Suppose -6 + 50 = y. Calculate the remainder when y is divided by 1/(-3) + (-46)/(-3).
14
Suppose -5*b + 26 + 9 = 0. Let c be -1 + (-2 - -4) + 2. Suppose 2*y - 3*y = -c. Calculate the remainder when b is divided by y.
1
Suppose -8 = -k + 3*k + 4*y, -2*k - 3*y - 5 = 0. Let o = 37 + -30. Calculate the remainder when o is divided by k.
1
Let s be (-15)/((2/10)/(-1)). Suppose 6*d - d = s. Calculate the remainder when 57 is divided by d.
12
Let b = 47 - 27. Let h = 255 - 160. Suppose -5*z + b + h = 0. Calculate the remainder when z is divided by 12.
11
Let y(j) be the third derivative of 0 + 0*j + 1/3*j**3 + 1/120*j**6 - 1/12*j**5 + 3*j**2 + 1/8*j**4. Calculate the remainder when 49 is divided by y(5).
15
What is the remainder when (2 + -5)/(6/(-86)) is divided by 11?
10
Let f = 134 - 89. Calculate the remainder when f is divided by 23.
22
Suppose 0 = -2*d - 3*y - 9, -3*y + 3 - 6 = 4*d. Suppose d = j - 0*j, 2*k = j + 35. Suppose 4*q = 201 - 61. What is the remainder when q is divided by k?
16
Let r(b) = -b**3 + 4*b**2 - 2*b - 3. Let n be r(3). Let x = n + 5. What is the remainder when 7 is divided by x?
2
What is the remainder when 5 + 12/(-3) - -3 is divided by (8/6)/((-7)/(-21))?
0
Suppose -5*c + 28 = 3*w, -c + 4*w = -2*c + 9. Calculate the remainder when 22 is divided by c.
2
Suppose 9*g - 6*g - 99 = 0. Calculate the remainder when 195 is divided by g.
30
Let x(d) = -d**3 - 5*d**2 + 6*d + 9. Suppose b = -3*j + 14, -22 = -3*j - 2*j - 3*b. What is the remainder when x(-6) is divided by j?
4
Calculate the remainder when 22 - -6*(-8)/(-12) is divided by 14.
12
Suppose m - 2*m + 5*t = -66, -218 = -5*m - 3*t. Calculate the remainder when m is divided by 5*((-784)/(-360) - (-2)/9).
10
Suppose -29 = 6*k - 515. What is the remainder when k is divided by 17?
13
Let q(b) = -3*b**3 - 2*b - 3 + 0*b**2 + 3*b**2 - 4*b**2 + 6. What is the remainder when q(-3) is divided by 28?
25
Suppose l - 3*l + 68 = 0. What is the remainder when 98 is divided by l?
30
Suppose 3*c - 56 = -c. Calculate the remainder when 18 is divided by (33/(-6))/((-7)/c).
7
Calculate the remainder when (-8)/(-10)*57 - 21/35 is divided by 16.
13
Let p(f) = f**2 - 2*f - 2 - 2*f + 5*f. Let i(m) = 2*m - 1. Let d be i(-2). What is the remainder when 53 is divided by p(d)?
17
Let d = -3 - -5. Suppose -d*t - 7 + 15 = b, -3*b + 3*t + 6 = 0. Suppose b*z + 3 = 51. Calculate the remainder when 22 is divided by z.
10
Let y(s) = 10*s**2 - s + 1. Calculate the remainder when (-16)/(1/(-1)) - -2 is divided by y(1).
8
Let o = -3 - -30. Let q = -11 + o. Calculate the remainder when 31 is divided by q.
15
Let o(f) = -f**3 - 2*f + 59. Calculate the remainder when o(0) is divided by -3*1*(-40)/6.
19
Let q = -721 + 727. Suppose -2*n = -0*n - 58. Calculate the remainder when n is divided by q.
5
Suppose -4*v - 6 = -6*v. Suppose 5*o - v*b - 1 = 0, 5*o - 2*b + 4*b - 16 = 0. Calculate the remainder when 15 is divided by 6*(0 - o - -3).
3
Suppose -3*n - 2*l = -4*l - 35, l = -5*n + 41. Let v(f) = -f**2 + 2 - f + 1 - 3 - 27*f**3 - 1. Calculate the remainder when v(-1) is divided by n.
8
Let a be (-1 - -3) + (-3 - -6). Suppose -j - 4 = -4*v - 3, 3*v = a*j - 12. Calculate the remainder when 11 is divided by j.
2
Let k(w) = w**3 - 10*w**2 - 10*w + 2. Calculate the remainder when k(11) is divided by 7.
6
Suppose -5*v - 4*s = -6*s - 61, 3*s = 3*v - 33. Let z = v - -14. Calculate the remainder when z is divided by 10.
7
Suppose -20 = -4*m, w - 13 - 2 = -2*m. Let x(g) = -g**3 - 2*g**2 + 3*g - 2. Let f be x(-3). Let p = 10 + f. Calculate the remainder when p is divided by w.
3
Let j(s) = s**3 + 3*s**2 + 4*s + 3. Let x be j(-2). Calculate the remainder when (1 - 1/x) + -1 is divided by -1*(12/3 - 5).
0
Suppose -2*f - 2 = 0, 77*f = 5*u + 80*f - 17. Let p = -3 + 4. What is the remainder when (p*14 - 1) + 1 is divided by u?
2
Let r be 2/(1/2 - 0). Suppose -g = -4*a + 8, -2*a - 2*g + 0 + r = 0. Calculate the remainder when ((-9)/a)/(1/(-6)) is divided by 14.
13
Suppose -a = 5*d + 4*a - 90, 4*d - 4*a - 112 = 0. Calculate the remainder when d is divided by 7.
2
Calculate the remainder when 2/7 - 425*2/(-14) is divided by 8.
5
Let r(u) = 2*u - 2 + 3 + 0*u - 3*u**2 + 11*u**2. Calculate the remainder when r(-3) is divided by 23.
21
Suppose -4*j - 2*o + o + 16 = 0, -5*j + 9 = 4*o. Suppose 4*u - d - 64 = -3*d, -3*u + 3*d = -30. Calculate the remainder when u is divided by j.
4
Let z = 1 + 61. Calculate the remainder when z is divided by 13.
10
Let q(l) = -11*l**3 - 16*l**2 - 20*l - 8. Let n(s) = -5*s**3 - 8*s**2 - 10*s - 4. Let a(p) = 9*n(p) - 4*q(p). What is the remainder when 50 is divided by a(-7)?
16
Calculate the remainder when 8 is divided by (792/30)/4 + 6/(-10).
2
Let n(x) = -x**2 - 12*x + 6. Let o(i) = -11*i. Let j be o(-2). Let q = j - 16. Calculate the remainder when n(-11) is divided by q.
5
Let r(z) = 2*z**2 - 2*z - 5. Let y be 8/(-36) + (-38)/(-9). What is the remainder when r(y) is divided by 7?
5
Let n be ((-1)/(-3))/((-10)/90). Let x(b) = 2 - 2*b + 3*b - b - 3*b. Calculate the remainder when 21 is divided by x(n).
10
What is the remainder when 17 + (5/(-1) - -1) is divided by 5?
3
Suppose 2*m - 41 = 3. Calculate the remainder when m is divided by 8.
6
Let b(r) = 14*r**2 + 26*r - 9. Let w(q) = 16 - 5*q**2 - 3*q - 6*q - 13. Let z(n) = -6*b(n) - 17*w(n). Calculate the remainder when 1 is divided by z(2).
0
Let k(v) = 10*v - 25. Calculate the remainder when k(6) is divided by 9.
8
Let c(v) = 3*v**2 + v - 13. Let g = -3 + 36. What is the remainder when g is divided by c(3)?
16
Let t(i) = i**3 + 4*i**2 - 7*i - 5. Let z(y) = y**3 - 9*y**2 + 9*y + 8. Calculate the remainder when z(8) is divided by t(-5).
1
Suppose -4*x + 320 = -0*x. Let u = -40 + x. What is the remainder when u is divided by 21?
19
Suppose 0 = 3*w - q - 1023, -5*w + q - 5*q + 1722 = 0. Suppose -6*x = -3*x + w. Let t = x + 164. Calculate the remainder when t is divided by 17.
16
Suppose 4*t - 3*y - 122 = -0*y, 2*y = 4. What is the remainder when t is divided by 18?
14
Suppose 5*y + 16 = y - 5*h, -y + 2*h = 4. What is the remainder when 54 is divided by (14/(-2))/(1/y)?
26
Suppose g = -0 + 3. Let c(q) = 2*q**2 - 4*q + 2. Let j be c(3). Let a = j - 0. Calculate the remainder when a is divided by g.
2
Let d = 65 + 11. What is the remainder when d is divided by 26?
24
Calculate the remainder when 121 + 0 + (-3)/1 is divided by 30.
28
Suppose 3*d - 16 = 7*d, 0 = -5*w - 4*d + 64. Calculate the remainder when (-4 + 10)*183/18 is divided by w.
13
Let b(v) = -v**2 + 13*v - 7. Calculate the remainder when 45 is divided by b(10).
22
Calculate the remainder when 69/2 + 1/2 is divided by 399/33 + 9/(-99).
11
Let